{"id":13,"date":"2011-05-19T10:25:29","date_gmt":"2011-05-19T10:25:29","guid":{"rendered":"http:\/\/www.juliane-steinbrecher.de\/test\/?page_id=13"},"modified":"2012-01-18T15:27:13","modified_gmt":"2012-01-18T15:27:13","slug":"profil","status":"publish","type":"page","link":"https:\/\/www.juliane-steinbrecher.de\/?page_id=13","title":{"rendered":"Profil"},"content":{"rendered":"<p><img decoding=\"async\" loading=\"lazy\" class=\"left\" title=\"jsteinbrecher\" src=\"http:\/\/www.juliane-steinbrecher.de\/wp-content\/uploads\/2011\/05\/jsteinbrecher1.jpg\" alt=\"\" width=\"230\" height=\"169\" \/><\/p>\n<h3>Vita \/ Kompetenzen<\/h3>\n<p>Seit M\u00e4rz 2009<\/p>\n<p style=\"padding-left: 150px;\"><strong>Juliane Steinbrecher<br \/>\n<\/strong><strong>Buchmanagement &amp; Redaktion<\/strong><\/p>\n<p style=\"padding-left: 150px;\">Projektentwicklung zu kulturhistorischen Publikationen<br \/>\nRedaktion und Lektorat von Ausstellungskatalogen f\u00fcr Museen<br \/>\nProduktmanagement f\u00fcr nationale und internationale Verlage, u. a.<br \/>\n2011<br \/>\nProgrammgestaltung, Management und Redaktion der Publikationen und Lizenzausgaben der Verlage Frederking &amp; Thaler sowie BUCHER, M\u00fcnchen<br \/>\nFotografie-, Wildlife- und Reisebildb\u00e4nde, Ausstellungskataloge, historische Sachb\u00fccher<\/p>\n<p>2007 \u2013 2009<\/p>\n<p style=\"padding-left: 150px;\">Lektorin und Projektmanagerin bei der Parragon GmbH, K\u00f6ln<br \/>\nProjektmanagerin im Verlagsbereich \u00bbAllgemeines Sachbuch\u00ab<br \/>\nManagement und Koordination von deutschen und englischen Originalausgaben vom Konzept bis zur Drucklegung<br \/>\nKunst- und Fotob\u00fccher, Enzyklop\u00e4dien, Ratgeber<\/p>\n<p>1989 \u2013 2006<\/p>\n<p style=\"padding-left: 150px;\">Lektorin und Projektmanagerin bei der TASCHEN GmbH, K\u00f6ln<\/p>\n<p style=\"padding-left: 150px;\">2000\u20132006<br \/>\nProjektmanagerin und Lektorin im Verlagsbereich \u00bbClassics\u00ab (Fine &amp; Rare Books) und \u00bbKunstbuch\u00ab<br \/>\nManagement der gesamten Buchproduktion von der Idee bis zur Realisierung (Ausgaben in Deutsch, Englisch, Franz\u00f6sisch und Spanisch)<br \/>\nim Bereich \u00bbClassics\u00ab: redaktionelle Bearbeitung und Organisation von Nachdrucken illustrierter, bibliophiler Werke (16. bis 19. Jahrhundert)<br \/>\nim Bereich \u00bbKunstbuch\u00ab: K\u00fcnstlermonografien, Kompendien zur mittelalterlichen Buchkunst, Museumskooperationen und \u00dcberblickswerke zur Kunst<\/p>\n<p style=\"padding-left: 150px;\">1997\u20132000<br \/>\nLektorin im Bereich \u00bbKunst- und Sachbuch\u00ab<br \/>\nBearbeitung von \u00dcberblicksb\u00e4nden zur Kunst, Monografien zu einzelnen K\u00fcnstlern und Fotob\u00fccher in der Originalausgabe sowie in den Sprachen Englisch, Franz\u00f6sisch und Spanisch.<\/p>\n<p style=\"padding-left: 150px;\">1990\u20131997<br \/>\nLektorin im Bereich \u00bbInternationales Lektorat, Backlist und Lizenzen\u00ab<br \/>\nManagement von internationalen Buchproduktionen der Backlist und von Lizenzen des Verlages (Sprachen: Englisch, Franz\u00f6sisch, Italienisch, Spanisch, Portugiesisch, Niederl\u00e4ndisch u. a.)<br \/>\nKooperation mit internationalen Partnern<\/p>\n<p style=\"padding-left: 150px;\">1989\u20131990<br \/>\nVolontariat im Lektorat<\/p>\n<p>1982\u20131989<\/p>\n<p style=\"padding-left: 150px;\">Studium der Mittleren und Neueren Geschichte, Deutschen Philologie und Kunstgeschichte an der Georg-August-Universit\u00e4t G\u00f6ttingen<br \/>\nAbschluss Magister Artium (M.A.) \u2013 (Note: gut)<\/p>\n<p>1985\u20131986<\/p>\n<p style=\"padding-left: 150px;\">Studium der Geschichte und Kunstgeschichte an der Universit\u00e4t Wien<\/p>\n","protected":false},"excerpt":{"rendered":"<p>Vita \/ Kompetenzen Seit M\u00e4rz 2009 Juliane Steinbrecher Buchmanagement &amp; Redaktion Projektentwicklung zu kulturhistorischen Publikationen Redaktion und Lektorat von Ausstellungskatalogen f\u00fcr Museen Produktmanagement f\u00fcr nationale und internationale Verlage, u. a. 2011 Programmgestaltung, Management und Redaktion der Publikationen und Lizenzausgaben der Verlage Frederking &amp; Thaler sowie BUCHER, M\u00fcnchen Fotografie-, Wildlife- und Reisebildb\u00e4nde, Ausstellungskataloge, historische Sachb\u00fccher 2007 [&hellip;]<\/p>\n","protected":false},"author":1,"featured_media":0,"parent":0,"menu_order":6,"comment_status":"open","ping_status":"open","template":"","meta":[],"_links":{"self":[{"href":"https:\/\/www.juliane-steinbrecher.de\/index.php?rest_route=\/wp\/v2\/pages\/13"}],"collection":[{"href":"https:\/\/www.juliane-steinbrecher.de\/index.php?rest_route=\/wp\/v2\/pages"}],"about":[{"href":"https:\/\/www.juliane-steinbrecher.de\/index.php?rest_route=\/wp\/v2\/types\/page"}],"author":[{"embeddable":true,"href":"https:\/\/www.juliane-steinbrecher.de\/index.php?rest_route=\/wp\/v2\/users\/1"}],"replies":[{"embeddable":true,"href":"https:\/\/www.juliane-steinbrecher.de\/index.php?rest_route=%2Fwp%2Fv2%2Fcomments&post=13"}],"version-history":[{"count":26,"href":"https:\/\/www.juliane-steinbrecher.de\/index.php?rest_route=\/wp\/v2\/pages\/13\/revisions"}],"predecessor-version":[{"id":77,"href":"https:\/\/www.juliane-steinbrecher.de\/index.php?rest_route=\/wp\/v2\/pages\/13\/revisions\/77"}],"wp:attachment":[{"href":"https:\/\/www.juliane-steinbrecher.de\/index.php?rest_route=%2Fwp%2Fv2%2Fmedia&parent=13"}],"curies":[{"name":"wp","href":"https:\/\/api.w.org\/{rel}","templated":true}]}}